49 - (5 - (-5 + -4)).
30
Evaluate (22 - 3) + (-36 - 10).
-27
What is the value of (44 - 16) + -29 + 13 + 0?
12
What is the value of 20 + -1 + -16 + 13?
16
Evaluate -47 - (-37 + -39 - -36).
-7
Evaluate 14 - (7 - 0) - (-9 - -27).
-11
8 + -2 - (27 + (4 - (15 + -6)))
-16
Calculate 8 + 27 - (2 - -1 - (15 - 22)).
25
-120 - -124 - (2 + 1)
1
What is 4 + (2 - -1) - (-2 + 7 + -4)?
6
Calculate 1 - 4 - (11 + -11 - (1 + -3)).
-5
Calculate (20 - 11) + 2 - 15.
-4
Calculate 1 - ((-21 - 4 - -13) + -4).
17
-2 - -6 - (14 + 2)
-12
Evaluate 5 + 16 + -4 + 1 + -11.
7
Evaluate 11 + (-9 - (-5 + 1)) - 6.
0
What is (15 - (16 - -1)) + -11 + 18?
5
What is the value of 8 + 1 + (51 - (-33 + 87))?
6
Evaluate -3 - -11 - 3 - (23 - 16).
-2
Calculate (12 - -2) + -15 - -7.
6
What is (-234 - -221) + (0 - -12)?
-1
What is the value of 2 + 1 - (118 - 100)?
-15
What is the value of 36 - (10 + -4 + -9 - -19)?
20
Calculate -485 - -477 - (-3 - (-1 + -7)).
-13
What is the value of (-9 + -2 - 7) + 17?
-1
Evaluate 23 + (-63 - (-45 - -21)).
-16
Calculate (-10 - -9 - 1 - 5) + (16 - 15).
-6
((-12 - -9) + 5 - (-5 + 1)) + 1
7
Evaluate -93 + 87 + 26 + 9.
29
Calculate (-3 + -5 + -1 - -29) + -5.
15
What is 4 - 3 - -2 - 7?
-4
Calculate -9 + (3 - 1) + 20 - (1 - -3).
9
Calculate 2 + 4 + -10 - 2 - -6 - -15.
15
Calculate (-2 - -15) + 4 + -21.
-4
What is the value of -8 + 27 + -7 + -21?
-9
What is (2 - (1 - 0) - -3) + 2?
6
(3 - 1) + -3 + 27 + -20
6
Calculate 123 + -130 + (-2 - -1) + 0 + 1.
-7
What is -10 + (16 + -6 - 5) + (0 - 3)?
-8
What is the value of -31 + -8 + -11 + 0 + 27?
-23
(-19 - -26) + -4 - (-2 + 0 - -16)
-11
What is the value of 7 + -2 - (-4 - 1 - -11 - 6)?
5
What is the value of (36 + -31 - -7) + -17?
-5
What is the value of -25 - 1 - (786 - 784)?
-28
Evaluate 0 + -2 + 3 + 0 + -2 + 2.
1
-7 - ((-10 - -18 - 20) + 7)
-2
Evaluate 12 - 1 - (-11 - 22 - -35).
9
Evaluate (1 + (-3 - -7) - (-24 - -32)) + -7.
-10
Calculate 15 - (-3 + -3 - (-2 - 3) - 3).
19
-14 - (6 - 4) - (-3 - -3)
-16
(-12 - 1) + (-1822 - -1826)
-9
What is 1 + 5 + -7 - (-2 + -8 + -1)?
10
Calculate 11 + 1 + (18 - 25) + 10.
15
Evaluate -57 + 22 + -1 + 63.
27
What is 5 - 0 - 11 - (-8 + 3)?
-1
What is the value of (-3 - (9 + -8) - -8) + 10?
14
Evaluate 14 + (2 - (25 + 2 + 12)).
-23
Calculate (7 - ((-5 - -6) + (-7 - -14))) + -2.
-3
Evaluate (47 - 51) + -8 + (-1 - (-1 + 0)).
-12
Evaluate -92 - -90 - (2 + -6 + -1).
3
What is the value of 33 + 9 + -35 + -12?
-5
7 + -1 + (-101 - -97)
2
What is the value of 8 + -10 + (5 - (-9 - 0 - -4))?
8
Calculate 7 + -5 + -8 + 2 + (-5 - 2).
-11
What is 319 - 364 - (-19 + -1)?
-25
What is -1374 + 1368 + (40 + 3 + -6 - 0)?
31
Evaluate (114 - 121) + 3 + 22.
18
-19 + 10 + 33 - 18
6
Calculate (6 - -5) + -5 + -4 + (3 - -4).
9
Calculate 1 + -11 + (19 + -4 - 12).
-7
What is (1 - (10 - -1)) + (28 - 9) + 2?
11
-41 + (4 - (-6 - (20 - 16)))
-27
Calculate -33 + 26 + -5 + (-8 - -6).
-14
Evaluate (19 - 13) + 16 + 3 + -6.
19
Calculate 6 + (-1 - (-11 - (-6 - -2 - 2))).
10
What is the value of (7 - -9) + 2 + -35?
-17
Calculate 3 - -16 - (27 - (-1 - -16)).
7
-3 - (21 - 17) - 6
-13
(3 - 2) + 0 + 0 + 674 + -673
2
(-2 - -13) + (-33 - -12) + 15
5
-5 - -8 - 2 - -6 - 1
6
-12 - (-6 - 25) - 12
7
Evaluate 8 - (29 + -10) - (-18 - -2).
5
What is -19 - (2 - 2) - (-2456 - -2468)?
-31
-9 + 8 + -9 + 3 + 23 + -8
8
2 + 2 + -6 + -4 - (1 + 3)
-10
What is -2 + (-8 - (-23 - (-3 + (-5 - -15))))?
20
Calculate -29 + (15 - (9 - 9 - -4)).
-18
What is the value of -3 - -29 - (50 + -30)?
6
What is the value of 1 + -31 + 118 + -108?
-20
Calculate 55 + -57 - (5 + -9 + 3).
-1
Calculate 73 + -71 + 17 + 1 - 9.
11
(-1340 - -1356) + 1 + -29
-12
Calculate (7 + -4 - 1) + -13.
-11
What is (95 - 112) + (-2 + (3 - 2) - -5)?
-13
What is (19 - (6 - -6)) + 0 + 2?
9
Evaluate 34 - 21 - (11 + 3).
-1
27 - (-13 + (-8 - -13) + -7 + 21)
21
Calculate -2 + -1 + 3 - (-6 + 14).
-8
Evaluate 1 + 1 + 182 + -201 + (3 - 0).
-14
Calculate (-20 - -2) + (-35 - -35).
-18
Evaluate 7 - -22 - (44 + -6).
-9
Evaluate -26 + (11 + -7 - 18) + 29.
-11
Evaluate (21 - (-6 - -12)) + -9 - 2.
4
2 + (-17 - -54) + (8 - 24)
23
What is -10 + (-3 - -2) + (-3 - -7) + -2?
-9
(6 - (4 - -8)) + -4
-10
What is the value of -2 + 2 + 0 + 6 + -3?
3
Evaluate 6 + -6 + (2 - 6) - 10.
-14
Evaluate -1 + -7 - (-1 + (1 - -1)).
-9
What is -10 - (28 + (-72 - -25))?
9
What is the value of -5 - (-2 - (-10 - (6 + -13))) - -12?
6
What is -21 + 27 + 17 + -20?
3
-1 - (4 - 1) - (-6 + (-2 - -2))
2
Evaluate (3 + -16 - -39) + -44.
-18
What is -10 + -25 + 21 + 0 + -4?
-18
Calculate 65 + -21 - 11 - 12.
21
Calculate 1 + -11 + -31 + 39 + -19.
-21
What is -8 - (4 + -4 - 5 - 1)?
-2
What is the value of 13 + -2 + (-4 - 6) + 3 + -1?
3
Calculate -12 + (9 - 5 - -1) + -12.
-19
What is the value of 5 - ((-3 - -22) + (-30 - -20) - 4)?
0
Evaluate (-33 - -27) + -11 + 2.
-15
Evaluate -31 + -1 + (-1 - -4) + 12.
-17
What is the value of -15 + 1 + (94 - 85)?
-5
What is (-10 - -10) + 5 + 7 + -8?
4
What is the value of (14 - (-5 - -21)) + -13?
-15
Calculate 27 + -19 + 69 + -45.
32
What is the value of 3 - (-2 + (-5 - -4) - 0 - 3)?
9
Calculate (173 + -157 - (20 - -1)) + 41.
36
Calculate (21 - -2) + (-1 - -12) + -3 + -11.
20
What is the value of 56 + -53 + -1 + 0 + -14?
-12
Evaluate 7 + (-13 - (3 - 23)).
14
What is 10 - ((20 - 20) + (-1 + -1 - -9))?
3
Calculate -36 + 104 + -8 + -34.
26
Evaluate -89 + 53 + -14 - -23.
-27
Calculate 565 - 592 - (3 - 6).
-24
6 + (-8 - -2 - -7 - 4)
3
Calculate 186 + -230 - (-1 - 10).
-33
Evaluate -8 + (-2 - -8 - 4) - -6.
0
Evaluate 8 + (18 - 8) + -2 + 1 + -31.
-14
What is the value of 27 - ((-11 - (-12 + -10 + 10)) + 0)?
26
What is the value of 165 - 160 - (35 - 4)?
-26
What is the value of -6 - (-6 + 7 + -1 + (1 - 2))?
-5
What is the value of -1 + -2 + -1 + 4 - (-38 + 48)?
-10
Evaluate -2 - ((-2 + -12 - -6) + (7 - 2)).
1
Calculate -2 + (6 + -18 - -3).
-11
-26 + 2 + (-6 - -32)
2
What is (12 - (5 - 3)) + 46 + -52?
4
What is 13 - 5 - (38 - -1 - (-19 - -26))?
-24
-6 - 3 - (-54 - -70)
-25
Evaluate 12 - (5 - (-4 - (-3 - 5))).
11
Evaluate -40 + (-2 - -3) + 35.
-4
What is the value of -5 + -2 + 2 + -19 + 6 + 9?
-9
(1792 - 1781) + (0 + -1 - -18)
28
What is -62 + 47 + 10 + -5?
-10
Calculate (24 - 20) + 0 + 0 + -2.
2
What is the value of -33 - (-70 + 1) - 5?
31
What is the value of -20 - (-10 + -9 + 4 + 4)?
-9
-4 - -5 - (-18 + 5 - -2 - -20)
-8
Evaluate 29 + -14 + (-8 + -3 - -2).
6
Evaluate -29 + 18 + (18 - 22).
-15
2 - (42 - (-33 - -59))
-14
What is 17 + 2 + 12 + (-9 - 4)?
18
Calculate 5 + (-4 - (19 - 9) - -5).
-4
What is (-14 - -4) + 23 + 1 + -10?
4
What is -7 - 1 - (32 + -60)?
20
What is the value of -23 + -7 + (-2 - -6 - -2 - -12)?
-12
What is the value of 20 + (5 + -32 - -21)?
14
-6 + (-4 - -7 - (4 + -3)) - -13
9
Evaluate (10 - -7 - 4) + -2.
11
Evaluate 0 + -15 + (-9 - ((4 - 4) + -3)).
-21
What is 11 + -1 + (-2 - (13 - 19))?
14
What is the value of (-4 - (-12 - -14 - (0 + 6))) + -6?
-6
Calculate -10 - (-6 + 2) - 7.
-13
Evaluate 25 - (-2 + 6 + -6 + -3) - 8.
22
Calculate (-2 - (-10 - (-9 - 8))) + 24.
15
What is 38 - 10 - (-73 - -79)?
22
(-2 - -1 - 0) + 14 + 6 + -8
11
Evaluate 6 - ((-10 - -17) + (-7 - -1) - -12).
-7
Evaluate -1 - (1 + -3) - (-11 - -17).
-5
Evaluate (8 + (1 - 14) - -8) + -3 + -2.
-2
What is the value of 28 - (18 - 9) - 27?
-8
Calculate 31 - (-13 + (-18 - (-53 + 20))).
29
Calculate 6 + 5 + -147 + 136.
0
Evaluate -15 + (2 - 0 - -11) + -5.
-7
What is the value of (-1 + -1 - (-9 - 5)) + -2?
10
Calculate -4 + 6 - 0 - (4 - -9).
-11
Evaluate -9 + (-10 - -14) - -13.
8
What is the value of (21 + -34 - -9) + 1?
-3
Evaluate -49 + -9 + (13 - (8 + 0) - -12).
-41
Evaluate 207 - 244 - ((2 - -4) + 3 - 5).
-41
What is the value of 8 + -4 + 1 + (-34 + 14 - 11)?
-26
What is -7 - (-2 - -4 - (4 - 5))?
-10
-3 + (-29 - 1) - -56
23
What is 32 - 16 - (19 - -13)?
-16
Calculate (-3 - -3) + -18 - -5.
-13
Calculate -18 - ((1 - -2) + (-61 - -52) + 8).
-20
What is the value of (-581 - -589) + 0 + 1 + -26 + -1?
-18
Calculate 1 - (17 - 9) - (-2 + -7).
2
What is 3 + (5 + -1 - 10) - -3?
0
What is the value of 7 + (1 - -2) - (-112 - -106)?
16
What is the value of -14 - (2 + (-9 - -17)) - 3?
-27
What is the value of -150 + 154 - (11 + -3)?
-4
What is (0 + -2 - -2) + -3 + 1?
-2
1 + -8 - ((-11 - -7 - -3) + 0)
-6
-32 + 30 + -9 + 0
-11
What is the value of 